m = 4*w - 81, 2*w = -0*w - 2*m + 38. Calculate the greatest common divisor of f and w.
6
Suppose -5*l = -0*l - 10. Let b be 255 + 3 + -6 + 3. Suppose 256*n - 5 = b*n. Calculate the highest common divisor of l and n.
1
Let c be ((-10)/(-10))/((-2)/22). Let n = c + 28. What is the highest common factor of 85 and n?
17
Let w be (6 + -6)/((-1)/(-1)). Suppose w = -4*y + 5*p + 797, 2*y - p - 793 = -2*y. What is the greatest common divisor of y and 22?
22
Let v = -206 - -230. Suppose 80 = 7*i - 2*i. What is the highest common factor of i and v?
8
Suppose 0 = 6*d - 2*d - 24. Suppose -2*q + d*q = 420. Calculate the greatest common factor of q and 15.
15
Let d(l) be the second derivative of l**5/20 - 7*l**3/6 + l**2/2 + 6*l. Let v be d(6). Suppose -5*y = -v + 45. What is the greatest common factor of 13 and y?
13
Let n = 609 - 580. What is the greatest common divisor of n and 3915?
29
Let s be (-25131)/(-57) - (-28)/266. Calculate the greatest common divisor of 49 and s.
49
Suppose 4*z = -d + 20 - 7, 5*d = -4*z + 81. Let x(i) = i**2 + 20*i - 4. Let a be x(-21). Calculate the highest common factor of a and d.
17
Let y be (-60)/75 - (19/(-5) - 2). Suppose -4*t = m - 212, y*t - m - 240 = 4*m. Calculate the greatest common factor of t and 130.
26
Let a = 822 + -342. What is the greatest common factor of a and 30?
30
Suppose -250 = -41*q + 16*q. Calculate the highest common factor of q and 10.
10
Let w = -10 - -12. Suppose m - 1 = 3*r + 5, -m = w*r - 16. Calculate the highest common factor of 24 and m.
12
Let r = 62 - 0. Let l be (2 - r)*(-84)/(-10). Let a be (l/6)/(-3 - -2). Calculate the greatest common divisor of a and 14.
14
Suppose -165 = h + 2*g, -5*h + 4*h = -4*g + 135. Let k = h + 259. What is the greatest common divisor of 26 and k?
26
Suppose 2*k - 3*h = 35 - 12, 5*k + 5*h = 70. Suppose -10*n = -k*n + 72. What is the highest common factor of 6 and n?
6
Let q(p) = 3*p**3 - 3*p + 7. Let r be q(2). Calculate the highest common factor of r and 15.
5
Let v = -16 - -31. Let d(h) = h**2 + 30*h - 21. Let t be d(-31). Calculate the highest common divisor of v and t.
5
Let v(f) = -f**2 - 27*f - 98. Let p be v(-19). Calculate the greatest common factor of p and 6.
6
Let s be 30*(1 + (-266)/(-10)). What is the greatest common divisor of s and 184?
92
Let i(o) = -o**3 + 9*o**2 - 16*o + 16. Let k be i(7). Suppose -5*b - 4*f + 220 = 0, -2*f = k*b + 3*b - 210. Calculate the highest common divisor of b and 32.
8
Suppose -7*w - 1132 = -1349. Calculate the greatest common factor of 310 and w.
31
Suppose -3*h - 247 = -4*n, 2*n + 5*h = h + 140. What is the highest common divisor of n and 256?
64
Let c(h) = -438*h - 4. Let o be c(-9). Let k be 2/(-9) + o/(-99). Let y = -15 - k. Calculate the highest common divisor of 175 and y.
25
Suppose z + 5*n - 25 = 0, -5*z - 3*n = -3*z - 15. Suppose -4*f - 3*y = 2*y - 37, z = 5*f + 5*y - 45. What is the greatest common divisor of 12 and f?
4
Suppose -33 = -4*f - j, -2*f - 2*j + 13 = -5. Suppose 0 = 7*r - f*r. Let o = r - -10. What is the greatest common factor of 110 and o?
10
Let n(d) = -d**2 - 31*d - 42. Let a be n(-23). Suppose 7*o - 3*o - 4*v - 152 = 0, 4*o = 2*v + a. What is the greatest common factor of 11 and o?
11
Suppose 2*j = -0 + 20. Let g(d) = 2*d - 4. Let w be g(17). Calculate the greatest common divisor of j and w.
10
Let c(z) = 4*z**3 - 4. Let r be c(2). What is the greatest common factor of r and 140?
28
Let o be 42/(-28)*(-2)/(-3)*-2. Suppose 2*r = 0, 2*i - o*r = i + 27. Calculate the highest common divisor of 9 and i.
9
Let x be (1521/6)/(-13)*-12. What is the highest common divisor of x and 18?
18
Let w be (3 + -3 + -2)*-1. Let a be 10/(3/93*w). Calculate the highest common factor of 62 and a.
31
Suppose -258 = -9*q - 150. What is the greatest common factor of 12 and q?
12
Let a be 8*1 + 6 + -8. Let y(j) = j**2 - 7*j + 6. Let l be y(a). Suppose -4*r - 4*i + 32 = l, -r + 2*i = 4 - 3. Calculate the highest common divisor of r and 1.
1
Suppose -2*k + 0*k = -60. Let t = k + -1. What is the greatest common factor of t and 29?
29
Let d be (126/35)/9*-5 - -51. What is the highest common divisor of 1323 and d?
49
Let k(b) = 2*b**2 + 6*b + 1. Let i be k(-4). Let w = -870 + 871. What is the highest common factor of w and i?
1
Let a be (-4)/((-16)/115) - 1/(-4). Suppose -5*u = -2*u - 87. What is the greatest common factor of u and a?
29
Suppose 2*i - 721 = 3*w - 184, w = -2*i + 541. What is the greatest common factor of i and 30?
30
Let l be 3/(6/76*(-2)/(-12)). Suppose l - 67 = 7*v. What is the highest common factor of 161 and v?
23
Let r(o) = -25*o + 340. Let v be r(13). Calculate the greatest common divisor of 40 and v.
5
Suppose 17*y - 1768 = -17*y. Let t = 264 - 134. What is the greatest common divisor of y and t?
26
Suppose -24 = -4*n + 8. Suppose i - n = 2. Calculate the highest common factor of i and 110.
10
Suppose 3*d + 3*h = -165, -h - 3*h + 45 = -d. Let g = 86 + d. What is the greatest common divisor of 11 and g?
11
Suppose 5*r = 4*y - 3797, 0 = 3*y + 2*y - r - 4720. What is the highest common divisor of 41 and y?
41
Suppose 5*m = -4*t - 94, -2*t = 5*m - 6*m - 16. Let r be (-4)/m*-1 + 2035/45. What is the greatest common factor of 18 and r?
9
Suppose 3*k + 267*l = 271*l + 28, 2*k - 3*l - 17 = 0. Let x be (-1052)/(-6) + 4/6. Calculate the highest common factor of k and x.
16
Let q be 45/4 + 7/(-28). Let s(w) = 3*w**2 + 29*w + 11. Let i be s(5). Calculate the greatest common factor of q and i.
11
Let u(m) = m - 3*m**2 - 5*m - 2 - 100*m**3 + 2 - 2. Let t be u(-1). Calculate the highest common divisor of t and 11.
11
Suppose 3*l = -6*l. Suppose l*h + 13*h = 1300. What is the highest common factor of h and 40?
20
Let d be (-42)/(-189) + (-50)/(-18). Suppose -2*k - d*t + 25 = 0, -5*k + 3*t - 5*t + 35 = 0. What is the highest common divisor of k and 5?
5
Suppose -l + 192 = -150. Calculate the highest common divisor of l and 18.
18
Let y = 38 + -16. Let a = y - 9. Let t be (1 - -5)/((-4)/(-26)). What is the greatest common factor of a and t?
13
Suppose 45*f + 3 = 42*f. Let l be 24/(-36) - ((-155)/3 - f). Calculate the greatest common divisor of 10 and l.
10
Let h be 2241 - (31/(-5) + 76/(-95)). Calculate the greatest common divisor of h and 8.
8
Let u be 806/5*(-8 - (-231)/22). What is the highest common divisor of u and 52?
13
Suppose -365 + 101 = -3*l. What is the highest common factor of l and 16?
8
Suppose 0 = 5*b - 5*n, 2*n - 1 = -5*b - 8. Let y be -2*(b - (-1145)/(-10)). What is the greatest common factor of 21 and y?
21
Let g be (2 - 340/(-5)) + 1. What is the greatest common divisor of 497 and g?
71
Suppose 0 = 3*x + 3*u - 1020, -1367 = -4*x - 2*u + 5*u. Calculate the highest common divisor of 31 and x.
31
Let r be (7 - 1*-2) + 1. Suppose 128*h = 2987 + 3413. Calculate the highest common divisor of h and r.
10
Let s = -14 - -15. Let v be ((-38)/(-7))/(s/7). Calculate the greatest common divisor of 19 and v.
19
Let v be 10 + -1*2/6*15. What is the highest common factor of v and 5?
5
Suppose 0 = -496*f + 504*f + 128. Suppose 38 = 2*t - 10. Let p = f + t. Calculate the highest common factor of p and 16.
8
Let z(v) = 4*v**2 + v + 1. Let b be z(-1). Suppose b*i = 36 + 4. Calculate the greatest common factor of 20 and i.
10
Let u(b) = -257*b**3 + 4*b**2 + b - 1. Let g be u(-1). Suppose -63 - 159 = -6*w. Calculate the highest common divisor of w and g.
37
Let c(i) be the third derivative of i**5/20 - i**4/4 - 7*i**3/6 + 11*i**2. Let m be c(5). Calculate the highest common divisor of 95 and m.
19
Let b(q) = -11*q - 15. Let r be -3 + (-1 - -3) + -4. Let z be b(r). Calculate the greatest common factor of 20 and z.
20
Suppose -5*i + 128 = 3*t, -4*t - 2*i = -2*t - 80. What is the highest common factor of t and 180?
36
Let j = 203 + -115. Suppose 3*b = -r + 49 + 76, -2*b = -4*r - j. Let w be (-4)/18 + (-1408)/(-99). What is the greatest common divisor of w and b?
14
Suppose 0 = 331*v - 327*v - 952. Calculate the highest common divisor of v and 98.
14
Let r be (30/25)/(6/(-20)). Let c be -1*1/((-1)/r). Let p be ((-172)/16 + 2)*c. What is the greatest common divisor of 7 and p?
7
Suppose -2*r - 1176 = -30*r. What is the greatest common divisor of r and 70?
14
Suppose -405*j = -414*j + 27. What is the greatest common facto